6 (base 15) to base 7
6
11 (base 3) to base 7
4
Convert -38 (base 10) to base 4.
-212
12002 (base 3) to base 8
211
-10 (base 11) to base 9
-12
Convert 120 (base 4) to base 8.
30
What is -6 (base 10) in base 16?
-6
Convert -2 (base 8) to base 15.
-2
What is 1 (base 11) in base 15?
1
Convert 1011 (base 2) to base 14.
b
What is 14 (base 6) in base 16?
a
Convert 11210 (base 3) to base 15.
89
Convert -4 (base 15) to base 8.
-4
3 (base 5) to base 7
3
What is -10 (base 11) in base 5?
-21
17 (base 10) to base 2
10001
What is 2 (base 7) in base 13?
2
13 (base 8) to base 14
b
What is -12 (base 10) in base 12?
-10
0 (base 2) to base 8
0
1000 (base 3) to base 9
30
What is -10101100 (base 2) in base 4?
-2230
What is 10012 (base 3) in base 10?
86
Convert 14 (base 8) to base 3.
110
-44 (base 15) to base 8
-100
What is 3 (base 9) in base 16?
3
What is 3 (base 6) in base 12?
3
Convert 113 (base 5) to base 16.
21
Convert -240 (base 5) to base 12.
-5a
-55 (base 10) to base 11
-50
-202 (base 9) to base 2
-10100100
-221 (base 4) to base 9
-45
Convert 10011 (base 4) to base 15.
126
What is 46 (base 7) in base 12?
2a
11221 (base 3) to base 12
b1
Convert 37 (base 8) to base 10.
31
What is 90 (base 15) in base 13?
a5
What is -2 (base 13) in base 7?
-2
2 (base 6) to base 4
2
What is -42 (base 11) in base 8?
-56
What is -6 (base 14) in base 3?
-20
Convert 1 (base 3) to base 14.
1
Convert 11 (base 3) to base 14.
4
-19 (base 15) to base 9
-26
What is 16d (base 15) in base 3?
110011
Convert -1121 (base 3) to base 10.
-43
d1 (base 15) to base 10
196
What is -6 (base 14) in base 5?
-11
3 (base 12) to base 4
3
Convert 72 (base 11) to base 12.
67
-10 (base 8) to base 4
-20
What is -55 (base 11) in base 15?
-40
Convert -1 (base 7) to base 16.
-1
What is -1 (base 2) in base 16?
-1
Convert 2004 (base 5) to base 7.
512
What is -115 (base 11) in base 15?
-92
1 (base 16) to base 4
1
What is -1 (base 15) in base 3?
-1
What is 1020 (base 4) in base 10?
72
0 (base 9) to base 14
0
Convert -5 (base 8) to base 7.
-5
141 (base 6) to base 10
61
Convert -2 (base 11) to base 6.
-2
What is -34 (base 10) in base 9?
-37
Convert -185 (base 13) to base 10.
-278
What is -25 (base 7) in base 10?
-19
What is -455 (base 8) in base 16?
-12d
8a (base 13) to base 4
1302
What is -222 (base 7) in base 15?
-79
-79 (base 14) to base 6
-255
Convert 1 (base 3) to base 5.
1
What is -1101 (base 3) in base 15?
-27
What is 11000 (base 2) in base 14?
1a
Convert -3 (base 9) to base 2.
-11
What is -4 (base 8) in base 15?
-4
What is 4 (base 9) in base 4?
10
What is -2 (base 7) in base 13?
-2
Convert -4 (base 11) to base 13.
-4
What is -33 (base 9) in base 11?
-28
4f (base 16) to base 2
1001111
-3 (base 4) to base 12
-3
What is 10010 (base 2) in base 3?
200
Convert -101010 (base 2) to base 10.
-42
What is -1a (base 14) in base 13?
-1b
What is 14 (base 9) in base 6?
21
What is -1 (base 9) in base 3?
-1
13 (base 8) to base 9
12
16 (base 12) to base 16
12
What is -47 (base 9) in base 10?
-43
What is 241 (base 7) in base 10?
127
Convert 110 (base 4) to base 14.
16
110 (base 2) to base 8
6
2 (base 16) to base 10
2
11 (base 5) to base 9
6
111100 (base 2) to base 16
3c
What is 1101 (base 2) in base 3?
111
What is -203 (base 10) in base 7?
-410
Convert 50 (base 12) to base 14.
44
What is 20 (base 16) in base 7?
44
-2 (base 15) to base 7
-2
-bd (base 14) to base 8
-247
-c (base 13) to base 10
-12
Convert -1022 (base 3) to base 14.
-27
-453 (base 6) to base 15
-bc
What is 22 (base 15) in base 11?
2a
-2 (base 4) to base 7
-2
What is 14 (base 10) in base 8?
16
What is -51 (base 11) in base 15?
-3b
-3c (base 14) to base 16
-36
0 (base 16) to base 7
0
Convert 5 (base 10) to base 3.
12
What is 13 (base 5) in base 9?
8
-11000 (base 2) to base 8
-30
2 (base 11) to base 9
2
What is -101011 (base 2) in base 10?
-43
What is 50 (base 8) in base 16?
28
22 (base 8) to base 13
15
Convert -53 (base 7) to base 2.
-100110
Convert 2123 (base 4) to base 2.
10011011
0 (base 3) to base 11
0
1 (base 9) to base 15
1
Convert -20 (base 7) to base 14.
-10
Convert -145 (base 7) to base 11.
-75
-b (base 12) to base 4
-23
-e9 (base 16) to base 15
-108
What is 1200 (base 3) in base 13?
36
-5 (base 7) to base 16
-5
What is -4 (base 6) in base 15?
-4
What is 3 (base 14) in base 5?
3
Convert 16 (base 15) to base 11.
1a
-6 (base 12) to base 8
-6
1013 (base 4) to base 13
56
Convert 2 (base 8) to base 16.
2
What is -1 (base 16) in base 10?
-1
Convert 134 (base 7) to base 11.
68
443 (base 7) to base 5
1402
0 (base 14) to base 4
0
What is -20011 (base 3) in base 15?
-b1
What is -320 (base 4) in base 6?
-132
What is -2 (base 6) in base 3?
-2
What is -4 (base 12) in base 6?
-4
What is -112 (base 3) in base 6?
-22
Convert 70 (base 15) to base 7.
210
Convert 2 (base 3) to base 10.
2
123 (base 5) to base 16
26
Convert 10 (base 10) to base 16.
a
-26 (base 10) to base 16
-1a
-136 (base 7) to base 4
-1030
What is -2 (base 8) in base 12?
-2
What is -2202 (base 4) in base 6?
-430
Convert 99 (base 13) to base 7.
240
What is -2 (base 7) in base 16?
-2
5 (base 12) to base 9
5
Convert -21 (base 8) to base 15.
-12
23 (base 4) to base 14
b
Convert -2 (base 15) to base 13.
-2
-52 (base 9) to base 12
-3b
Convert 2 (base 5) to base 7.
2
4 (base 6) to base 11
4
What is 6 (base 15) in base 14?
6
What is 3 (base 5) in base 10?
3
Convert -1023 (base 4) to base 5.
-300
What is -3 (base 5) in base 11?
-3
Convert 85 (base 9) to base 4.
1031
Convert -414 (base 7) to base 15.
-dc
-7 (base 11) to base 6
-11
Convert a (base 14) to base 7.
13
-79 (base 12) to base 7
-162
Convert -5 (base 10) to base 5.
-10
227 (base 8) to base 14
ab
10 (base 6) to base 12
6
What is -5 (base 7) in base 16?
-5
-1 (base 16) to base 11
-1
64 (base 11) to base 14
50
Convert 15 (base 13) to base 7.
24
-11 (base 12) to base 10
-13
3 (base 7) to base 4
3
Convert -83 (base 15) to base 6.
-323
313 (base 4) to base 13
43
Convert 0 (base 10) to base 3.
0
-35 (base 11) to base 14
-2a
Convert 1 (base 16) to base 9.
1
Convert 0 (base 3) to base 13.
0
Convert -310 (base 10) to base 7.
-622
Convert 0 (base 4) to base 10.
0
What is -197 (base 11) in base 4?
-3203
Convert -2 (base 11) to base 6.
-2
-2 (base 7) to base 9
-2
What is -7 (base 12) in base 6?
-11
2a7 (base 11) to base 15
18e
What is -252 (base 6) in base 14?
-76
What is -3 (base 14) in base 11?
-3
What is -2 (base 4) in base 11?
-2
Convert 100000 (base 2) to base 9.
35
3 (base 9) to base 6
3
222 (base 11) to base 9
325
What is 9 (base 15) in base 4?
21
0 (base 10) to base 16
0
1 (base 16) to base 3
1
-3 (base 8) to base 13
-3
What is -3 (base 14) in base 16?
-3
Convert 1 (base 8) to base 4.
1
What is -d (base 16) in base 15?
-d
What is 31 (base 8) in base 14?
1b
What is -1c (base 13) in base 12?
-21
-16 (base 15) to base 12
-19
What is 0 (base 15) in base 16?
0
Convert -250 (base 8) to base 14.
-c0
Convert 254 (base 7) to base 3.
12002
What is -2 (base 6) in base 14?
-2
101 (base 2) to base 11
5
What is -e (base 15) in base 6?
-22
320 (base 4) to base 2
111000
What is -311 (base 4) in base 10?
-53
Convert -30 (base 8) to base 15.
-19
Convert -9 (base 12) to base 5.
-14
Convert 2 (base 5) to base 3.
2
Convert 1 (base 11) to base 5.
1
What is 107 (base 9) in base 14?
64
2200 (base 4) to base 11
136
What is 4 (base 9) in base 2?
100
10101000 (base 2) to base 16
a8
What is -66 (base 10) in base 11?
-60
-1001 (base 4) to base 11
-5a
-21 (base 10) to base 3
-210
-241 (base 5) to base 3
-2122
What is -1010011 (base 2) in base 5?
-313
-c7 (base 13) to base 3
-20001
What is -2 (base 6) in base 16?
-2
Convert 4 (base 6) to base 8.
4
Convert -1 (base 9) to base 10.
-1
What is 1 (base 12) in base 2?
1
Convert -11 (base 7) to base 3.
-22
What is 3 (base 9) in base 4?
3
What is -16 (base 9) in base 6?
-23
Convert -2 (base 11) to base 7.
-2
Convert 111 (base 11) to base 15.
8d
0 (base 7) to base 2
0
Convert -3b (base 13) to base 6.
-122
What is 11 (base 3) in base 13?
4
What is 7 (base 11) in base 13?
7
Convert 21 (base 3) to base 4.
13
Convert 43 (base 15) to base 13.
4b
What is 8 (base 16) in base 12?
8
Convert 0 (base 8) to base 10.
0
Convert 132 (base 5) to base 7.
60
Convert 101 (base 6) to base 16.
25
-67 (base 16) to base 8
-147
6 (base 16) to base 10
6
What is 37 (base 8)